{"id":33,"date":"2015-08-04T11:02:10","date_gmt":"2015-08-04T16:02:10","guid":{"rendered":"http:\/\/preycap.com.mx\/web\/?page_id=33"},"modified":"2017-09-10T16:36:05","modified_gmt":"2017-09-10T21:36:05","slug":"contacto","status":"publish","type":"page","link":"https:\/\/preycap.com.mx\/web\/contacto\/","title":{"rendered":"Contacto"},"content":{"rendered":"[vc_row fullwidth=&#8221;true&#8221; fullwidth_content=&#8221;false&#8221; css=&#8221;.vc_custom_1505079362995{background-image: url(http:\/\/preycap.com.mx\/web\/wp-content\/uploads\/2015\/07\/33.png?id=990) !important;}&#8221;][vc_column][vc_raw_html]JTNDJTIxLS0lMjBHbyUyMHRvJTIwd3d3LmFkZHRoaXMuY29tJTJGZGFzaGJvYXJkJTIwdG8lMjBjdXN0b21pemUlMjB5b3VyJTIwdG9vbHMlMjAtLSUzRSUwQSUzQ3NjcmlwdCUyMHR5cGUlM0QlMjJ0ZXh0JTJGamF2YXNjcmlwdCUyMiUyMHNyYyUzRCUyMiUyRiUyRnM3LmFkZHRoaXMuY29tJTJGanMlMkYzMDAlMkZhZGR0aGlzX3dpZGdldC5qcyUyM3B1YmlkJTNEcmEtNTYyMWU4NTQxOWJkMDI1MCUyMiUyMGFzeW5jJTNEJTIyYXN5bmMlMjIlM0UlM0MlMkZzY3JpcHQlM0UlMEE=[\/vc_raw_html][\/vc_column][\/vc_row][vc_row fullwidth=&#8221;true&#8221; fullwidth_content=&#8221;false&#8221; css=&#8221;.vc_custom_1505078622059{background-image: url(http:\/\/preycap.com.mx\/web\/wp-content\/uploads\/2015\/07\/33.png?id=990) !important;}&#8221;][vc_column][mk_padding_divider][mk_image src=&#8221;http:\/\/preycap.com.mx\/web\/wp-content\/uploads\/2015\/08\/envelope-icon.png&#8221; image_width=&#8221;180&#8243; image_height=&#8221;180&#8243; align=&#8221;center&#8221;][mk_fancy_title color=&#8221;#eaeaea&#8221; size=&#8221;35&#8243; font_weight=&#8221;300&#8243; letter_spacing=&#8221;1&#8243; margin_bottom=&#8221;0&#8243; font_family=&#8221;none&#8221; align=&#8221;center&#8221;]\u00bfRequieres Asesor\u00eda Profesional?<\/p>\n<p>\u00bfNecesitas m\u00e1s informaci\u00f3n sobre alg\u00fan servicio en particular?[\/mk_fancy_title][mk_padding_divider][mk_fancy_title color=&#8221;#c1c1c1&#8243; size=&#8221;20&#8243; font_weight=&#8221;normal&#8221; letter_spacing=&#8221;1&#8243; margin_bottom=&#8221;0&#8243; font_family=&#8221;none&#8221; align=&#8221;center&#8221;]Envianos tus datos a trav\u00e9s de nuestro formulario y con gusto uno de nuestros agentes se pondr\u00e1 en contacto contigo para darte la asesor\u00eda y proporcionarte mayores detalles sobre nuestro portafolio de servicios.[\/mk_fancy_title][mk_padding_divider][mk_contact_info email=&#8221;administracion@preycap.com.mx&#8221; address=&#8221;Calzada de La Viga 1707, Unidad Modelo, Iztapalapa, M\u00e9xico D.F.&#8221; company=&#8221;PREYCAP S. de R.L. de C.V.&#8221; website=&#8221;www.preycap.com.mx&#8221;][mk_contact_form style=&#8221;corporate&#8221; bg_color=&#8221;#330000&#8243; border_color=&#8221;#dd9933&#8243; font_color=&#8221;#efefef&#8221; button_color=&#8221;#dd9933&#8243; button_font_color=&#8221;#000000&#8243; email=&#8221;administracion@preycap.com.mx&#8221;][\/vc_column][\/vc_row]\n","protected":false},"excerpt":{"rendered":"<p>[vc_row fullwidth=&#8221;true&#8221; fullwidth_content=&#8221;false&#8221; css=&#8221;.vc_custom_1505079362995{background-image: url(http:\/\/preycap.com.mx\/web\/wp-content\/uploads\/2015\/07\/33.png?id=990) !important;}&#8221;][vc_column][vc_raw_html]JTNDJTIxLS0lMjBHbyUyMHRvJTIwd3d3LmFkZHRoaXMuY29tJTJGZGFzaGJvYXJkJTIwdG8lMjBjdXN0b21pemUlMjB5b3VyJTIwdG9vbHMlMjAtLSUzRSUwQSUzQ3NjcmlwdCUyMHR5cGUlM0QlMjJ0ZXh0JTJGamF2YXNjcmlwdCUyMiUyMHNyYyUzRCUyMiUyRiUyRnM3LmFkZHRoaXMuY29tJTJGanMlMkYzMDAlMkZhZGR0aGlzX3dpZGdldC5qcyUyM3B1YmlkJTNEcmEtNTYyMWU4NTQxOWJkMDI1MCUyMiUyMGFzeW5jJTNEJTIyYXN5bmMlMjIlM0UlM0MlMkZzY3JpcHQlM0UlMEE=[\/vc_raw_html][\/vc_column][\/vc_row][vc_row fullwidth=&#8221;true&#8221; fullwidth_content=&#8221;false&#8221; css=&#8221;.vc_custom_1505078622059{background-image: url(http:\/\/preycap.com.mx\/web\/wp-content\/uploads\/2015\/07\/33.png?id=990) !important;}&#8221;][vc_column][mk_padding_divider][mk_image src=&#8221;http:\/\/preycap.com.mx\/web\/wp-content\/uploads\/2015\/08\/envelope-icon.png&#8221; image_width=&#8221;180&#8243; image_height=&#8221;180&#8243; align=&#8221;center&#8221;][mk_fancy_title color=&#8221;#eaeaea&#8221; size=&#8221;35&#8243; font_weight=&#8221;300&#8243; letter_spacing=&#8221;1&#8243; margin_bottom=&#8221;0&#8243; font_family=&#8221;none&#8221; align=&#8221;center&#8221;]\u00bfRequieres Asesor\u00eda Profesional? \u00bfNecesitas m\u00e1s informaci\u00f3n sobre alg\u00fan servicio en particular?[\/mk_fancy_title][mk_padding_divider][mk_fancy_title color=&#8221;#c1c1c1&#8243; size=&#8221;20&#8243; font_weight=&#8221;normal&#8221; letter_spacing=&#8221;1&#8243; margin_bottom=&#8221;0&#8243; font_family=&#8221;none&#8221; align=&#8221;center&#8221;]Envianos tus datos a trav\u00e9s de nuestro formulario y con gusto uno de nuestros agentes se pondr\u00e1 [&hellip;]<\/p>\n","protected":false},"author":1,"featured_media":0,"parent":0,"menu_order":4,"comment_status":"closed","ping_status":"open","template":"","meta":[],"_links":{"self":[{"href":"https:\/\/preycap.com.mx\/web\/wp-json\/wp\/v2\/pages\/33"}],"collection":[{"href":"https:\/\/preycap.com.mx\/web\/wp-json\/wp\/v2\/pages"}],"about":[{"href":"https:\/\/preycap.com.mx\/web\/wp-json\/wp\/v2\/types\/page"}],"author":[{"embeddable":true,"href":"https:\/\/preycap.com.mx\/web\/wp-json\/wp\/v2\/users\/1"}],"replies":[{"embeddable":true,"href":"https:\/\/preycap.com.mx\/web\/wp-json\/wp\/v2\/comments?post=33"}],"version-history":[{"count":33,"href":"https:\/\/preycap.com.mx\/web\/wp-json\/wp\/v2\/pages\/33\/revisions"}],"predecessor-version":[{"id":1155,"href":"https:\/\/preycap.com.mx\/web\/wp-json\/wp\/v2\/pages\/33\/revisions\/1155"}],"wp:attachment":[{"href":"https:\/\/preycap.com.mx\/web\/wp-json\/wp\/v2\/media?parent=33"}],"curies":[{"name":"wp","href":"https:\/\/api.w.org\/{rel}","templated":true}]}}